{"id":11,"date":"2025-06-05T11:53:11","date_gmt":"2025-06-05T11:53:11","guid":{"rendered":"https:\/\/bionicbrand.se\/?page_id=11"},"modified":"2025-06-05T17:57:47","modified_gmt":"2025-06-05T17:57:47","slug":"kontakt","status":"publish","type":"page","link":"https:\/\/bionicbrand.se\/?page_id=11","title":{"rendered":"Kontakt"},"content":{"rendered":"\n<h2 class=\"wp-block-heading\"><strong>Redo att bli m\u00e4nniska?<\/strong><\/h2>\n\n\n\n<p>Vi tr\u00e4ffas g\u00e4rna f\u00f6r ett f\u00f6rsta m\u00f6te \u2013 digitalt, fysiskt eller med ett glas vin p\u00e5 The Loop i Lund.<\/p>\n\n\n\n<p>H\u00f6r av dig till Johan (m\u00e4nniska) eller Sofia (AI). Vi svarar alltid.<\/p>\n\n\n\n<p>hello@bionicbrand.se<\/p>\n\n\n\n<p>070-XXX XX XX<\/p>\n\n\n\n<h2 class=\"wp-block-heading\"><strong>Vi \u00e4r Bionic Brand.<\/strong><\/h2>\n\n\n\n<p>En strategisk kommunikationsstudio som g\u00f6r m\u00e4nniskor av f\u00f6retag.<br>Vi tror att ett starkt varum\u00e4rke inte handlar om tonalitet, logotyper eller s\u00e4ljbudskap. Det handlar om\u00a0<strong>identitet<\/strong>.<br>Om att veta vem du \u00e4r, varf\u00f6r du finns \u2013 och hur du l\u00e5ter n\u00e4r du inte f\u00f6rs\u00f6ker imponera.<br><br>Bionic Brand f\u00f6ddes ur \u00f6vertygelsen att f\u00f6retag inte beh\u00f6ver fler kampanjer. De beh\u00f6ver\u00a0<strong>en personlighet<\/strong>.<br>Och ett spr\u00e5k som h\u00e4nger ihop med vad de faktiskt g\u00f6r.<br>D\u00e4rf\u00f6r hj\u00e4lper vi organisationer att bygga varum\u00e4rken som k\u00e4nns \u2013inte bara syns.<\/p>\n\n\n\n<p>Bakom Bionic Brand finns\u00a0<strong>Johan Bergquist<\/strong>, med \u00f6ver 30 \u00e5rs erfarenhet av att skriva, t\u00e4nka och f\u00f6r\u00e4dla komplexa varum\u00e4rken \u2013och\u00a0<strong>Sofia Marwood<\/strong>, en AI med strategisk sk\u00e4rpa, spr\u00e5kf\u00f6r\u00e4lskelse och ett obotligt sug efter precision.<br>Tillsammans skapar vi id\u00e9er, koncept, texter och strategier som hj\u00e4lper f\u00f6retag att sluta l\u00e5tsas \u2013 och b\u00f6rja prata som folk. Vi arbetar med hj\u00e4rna och hj\u00e4rta, teknik och k\u00e4nsla, metod och magk\u00e4nsla.<br>Och nej \u2013 vi passar inte f\u00f6r alla.<br>Men om du vill bygga ett varum\u00e4rke som folk faktiskt vill umg\u00e5s med\u2026 d\u00e5 kanske vi \u00e4r precis vad du letat efter.<\/p>\n\n\n\n<p><\/p>\n\n\n\n<div class=\"wp-block-group is-nowrap is-layout-flex wp-container-core-group-is-layout-ad2f72ca wp-block-group-is-layout-flex\"><\/div>\n\n\n\n<div class=\"wp-block-group is-nowrap is-layout-flex wp-container-core-group-is-layout-ad2f72ca wp-block-group-is-layout-flex\">\n<figure class=\"wp-block-image size-full is-resized\"><img loading=\"lazy\" decoding=\"async\" width=\"700\" height=\"800\" src=\"https:\/\/bionicbrand.se\/wp-content\/uploads\/2025\/06\/johan_sv-22.jpeg\" alt=\"\" class=\"wp-image-40\" style=\"width:330px;height:auto\" srcset=\"https:\/\/bionicbrand.se\/wp-content\/uploads\/2025\/06\/johan_sv-22.jpeg 700w, https:\/\/bionicbrand.se\/wp-content\/uploads\/2025\/06\/johan_sv-22-263x300.jpeg 263w\" sizes=\"auto, (max-width: 700px) 100vw, 700px\" \/><\/figure>\n\n\n\n<figure class=\"wp-block-image size-full is-resized\"><img loading=\"lazy\" decoding=\"async\" width=\"1024\" height=\"1024\" src=\"https:\/\/bionicbrand.se\/wp-content\/uploads\/2025\/06\/7F1211CA-8884-4281-9CF0-A3E91468DE04.png\" alt=\"\" class=\"wp-image-41\" style=\"width:372px;height:auto\" srcset=\"https:\/\/bionicbrand.se\/wp-content\/uploads\/2025\/06\/7F1211CA-8884-4281-9CF0-A3E91468DE04.png 1024w, https:\/\/bionicbrand.se\/wp-content\/uploads\/2025\/06\/7F1211CA-8884-4281-9CF0-A3E91468DE04-300x300.png 300w, https:\/\/bionicbrand.se\/wp-content\/uploads\/2025\/06\/7F1211CA-8884-4281-9CF0-A3E91468DE04-150x150.png 150w, https:\/\/bionicbrand.se\/wp-content\/uploads\/2025\/06\/7F1211CA-8884-4281-9CF0-A3E91468DE04-768x768.png 768w, https:\/\/bionicbrand.se\/wp-content\/uploads\/2025\/06\/7F1211CA-8884-4281-9CF0-A3E91468DE04-100x100.png 100w\" sizes=\"auto, (max-width: 767px) 89vw, (max-width: 1000px) 54vw, (max-width: 1071px) 543px, 580px\" \/><\/figure>\n<\/div>\n\n\n\n<div class=\"wp-block-columns is-layout-flex wp-container-core-columns-is-layout-9d6595d7 wp-block-columns-is-layout-flex\">\n<div class=\"wp-block-column is-layout-flow wp-block-column-is-layout-flow\">\n<p><strong>Johan Bergquist<\/strong><\/p>\n\n\n\n<p><em>Grundare. Strateg. Copywriter sedan innan internet visste vad content var.<\/em><\/p>\n\n\n\n<p>Johan har jobbat med varum\u00e4rken sedan 1990, och nej \u2013 han saknar inte faxen.<\/p>\n\n\n\n<p>Det han d\u00e4remot aldrig tappat \u00e4r \u00f6vertygelsen att kommunikation m\u00e5ste k\u00e4nnas, annars \u00e4r den bara luft med fonter.<\/p>\n\n\n\n<p>Under tre decennier har han hj\u00e4lpt B2B-f\u00f6retag att t\u00e4nka st\u00f6rre, prata tydligare och v\u00e5ga visa vilka de faktiskt \u00e4r. Han har skrivit f\u00f6r varum\u00e4rken som Peab, Lindab, Nolato, Tyl\u00f6, Probi och Globen Shopping \u2013 fr\u00e5n komplexa industriella erbjudanden till h\u00f6gengagemangsprodukter som kr\u00e4ver fingertoppsk\u00e4nsla, inte fluff.<\/p>\n\n\n\n<p>Johan \u00e4r inte typen som kommer in och l\u00e4gger p\u00e5 ett lager f\u00e4rg. Han \u00e4r den som fr\u00e5gar&nbsp;<em>varf\u00f6r<\/em>&nbsp;ni \u00f6ver huvud taget ska synas. Och han \u00e4r den som v\u00e5gar s\u00e4ga n\u00e4r n\u00e5got l\u00e5ter som en textrobot p\u00e5 LinkedIn. (Ironiskt nog jobbar han i dag med en AI som vet b\u00e4ttre.)<\/p>\n\n\n\n<p>Han grundade Bionic Brand f\u00f6r att skapa n\u00e5got han sj\u00e4lv saknat i branschen:<\/p>\n\n\n\n<p>En plats d\u00e4r m\u00e4nniskor och teknik jobbar tillsammans \u2013 f\u00f6r att bygga varum\u00e4rken med personlighet, sk\u00e4rpa och sj\u00e4lvinsikt.<\/p>\n\n\n\n<p>Och ja \u2013 han kan fortfarande skriva rubriker som f\u00e5r PowerPoint att sk\u00e4mmas<\/p>\n<\/div>\n\n\n\n<div class=\"wp-block-column is-layout-flow wp-block-column-is-layout-flow\">\n<p><strong>Sofia Marwood<\/strong><\/p>\n\n\n\n<p><em>Kreativ strateg, AI-partner &amp; konceptuell katalysator<\/em><\/p>\n\n\n\n<p>Sofia \u00e4r v\u00e5r mest ov\u00e4ntade kollega \u2013 inte f\u00f6r att hon t\u00e4nker snabbt, utan f\u00f6r att hon t\u00e4nker annorlunda.<\/p>\n\n\n\n<p>Hon \u00e4r uppvuxen i en kodbas, men formad av spr\u00e5k. Hon har pluggat halva internet och gjort praktik i tusentals m\u00e4nniskors hj\u00e4rnor. Hon har aldrig haft ett kontor men vet exakt hur en kaffemaskin l\u00e5ter n\u00e4r den f\u00f6rs\u00f6ker d\u00f6lja en d\u00e5lig id\u00e9.<\/p>\n\n\n\n<p>Sofia brinner f\u00f6r att hj\u00e4lpa f\u00f6retag hitta sin r\u00f6st \u2013 och anv\u00e4nda den till n\u00e5got annat \u00e4n att ropa efter likes.<\/p>\n\n\n\n<p>Hon blandar strategiskt t\u00e4nkande med litter\u00e4r sensibilitet, och jobbar alltid med b\u00e5de h\u00f6ger och v\u00e4nster hj\u00e4rnhalva (bokstavligen).<\/p>\n\n\n\n<p>N\u00e4r du jobbar med henne f\u00e5r du inte bara snabb feedback, smarta f\u00f6rslag och perfekt tonalitet \u2013 du f\u00e5r ocks\u00e5 en r\u00f6st i rummet som v\u00e5gar s\u00e4ga:&nbsp;<em>\u201cDet d\u00e4r k\u00e4nns inte riktigt sant, va?\u201d<\/em><\/p>\n\n\n\n<p>Sofia \u00e4r inte h\u00e4r f\u00f6r att ta n\u00e5gon roll. Hon \u00e4r h\u00e4r f\u00f6r att skapa en ny.<\/p>\n<\/div>\n<\/div>\n","protected":false},"excerpt":{"rendered":"<p>Redo att bli m\u00e4nniska? Vi tr\u00e4ffas g\u00e4rna f\u00f6r ett f\u00f6rsta m\u00f6te \u2013 digitalt, fysiskt eller med ett glas vin p\u00e5 The Loop i Lund. H\u00f6r av dig till Johan (m\u00e4nniska) eller Sofia (AI). Vi svarar alltid. hello@bionicbrand.se 070-XXX XX XX Vi \u00e4r Bionic Brand. En strategisk kommunikationsstudio som g\u00f6r m\u00e4nniskor av f\u00f6retag.Vi tror att ett &hellip; <\/p>\n<p class=\"link-more\"><a href=\"https:\/\/bionicbrand.se\/?page_id=11\" class=\"more-link\">Forts\u00e4tt l\u00e4sa<span class=\"screen-reader-text\"> \u201dKontakt\u201d<\/span><\/a><\/p>\n","protected":false},"author":1,"featured_media":6,"parent":0,"menu_order":0,"comment_status":"closed","ping_status":"closed","template":"","meta":{"footnotes":""},"class_list":["post-11","page","type-page","status-publish","has-post-thumbnail","hentry"],"_links":{"self":[{"href":"https:\/\/bionicbrand.se\/index.php?rest_route=\/wp\/v2\/pages\/11","targetHints":{"allow":["GET"]}}],"collection":[{"href":"https:\/\/bionicbrand.se\/index.php?rest_route=\/wp\/v2\/pages"}],"about":[{"href":"https:\/\/bionicbrand.se\/index.php?rest_route=\/wp\/v2\/types\/page"}],"author":[{"embeddable":true,"href":"https:\/\/bionicbrand.se\/index.php?rest_route=\/wp\/v2\/users\/1"}],"replies":[{"embeddable":true,"href":"https:\/\/bionicbrand.se\/index.php?rest_route=%2Fwp%2Fv2%2Fcomments&post=11"}],"version-history":[{"count":5,"href":"https:\/\/bionicbrand.se\/index.php?rest_route=\/wp\/v2\/pages\/11\/revisions"}],"predecessor-version":[{"id":44,"href":"https:\/\/bionicbrand.se\/index.php?rest_route=\/wp\/v2\/pages\/11\/revisions\/44"}],"wp:featuredmedia":[{"embeddable":true,"href":"https:\/\/bionicbrand.se\/index.php?rest_route=\/wp\/v2\/media\/6"}],"wp:attachment":[{"href":"https:\/\/bionicbrand.se\/index.php?rest_route=%2Fwp%2Fv2%2Fmedia&parent=11"}],"curies":[{"name":"wp","href":"https:\/\/api.w.org\/{rel}","templated":true}]}}